{"id":1267,"date":"2021-04-27T11:49:26","date_gmt":"2021-04-27T09:49:26","guid":{"rendered":"https:\/\/www.woerterwerkstatt.com\/?page_id=1267"},"modified":"2021-04-30T11:32:53","modified_gmt":"2021-04-30T09:32:53","slug":"affenalarm","status":"publish","type":"page","link":"https:\/\/www.woerterwerkstatt.com\/?page_id=1267","title":{"rendered":"Affenalarm"},"content":{"rendered":"\n<h3>1. Kapitel<\/h3>\n\n\n\n<p>Magnus fuhr wie jeden Samstag in den Zoo: Er fuhr wie gew\u00f6hnlich mit seinem kleinen Auto dorthin. Er parkte sein kleines Auto auf den Parkplatz und machte es aus. Dann ging er zur Kasse und bezahlte. Danach ging er zu den Affen und f\u00fctterte sie mit Bananen. Jetzt ging zu den Elefanten und danach zu den L\u00f6wen. Er sah wie ein L\u00f6we gef\u00fcttert wird und er sah einen ganz gro\u00dfen L\u00f6wen. Er dachte sich, das k\u00f6nnte der Chef der L\u00f6wen sein. So ganz sicher war er sich nicht, aber dass war ja egal. Schade dachte er. Der Tag im Zoo war schon rum. Pl\u00f6tzlich schrien die Affen. Er rannte so schnell wie m\u00f6glich. Dann entdeckte er was los war, jemand hatte einen der St\u00fctzbalken von dem Affenkletterbaum abges\u00e4gt. Magnus wollte schon die Polizei anrufen da erinnerte er sich, das fr\u00fcher er mal als Detektiv gearbeitet hat.Er wollte den Fal in die Hand nehmen. Erst mal unter suchte er den Tatort er fand eine Zigarette und eine Zigarre. Er fragte den Zoow\u00e4rter ob er Zigaretten oder Zigarren rauchte. Aber er rauchte keine_Zigaretten und auch keine Zigarren. Er dachte, dann muss das die Zigarette oder die Zigarre des T\u00e4ters sein. Er ging noch mal zum Tatort. Da entdeckte er ein kleines S\u00e4geblatt, es passte genau in die L\u00fccke wo der Dieb den Kletterbaum anges\u00e4gt hat. Pl\u00f6tzlich h\u00f6rte er wieder die Affen schreien. Jetzt sah er den Dieb, er rannte_in die Menschenmenge.<\/p>\n\n\n\n<h3>2. Kapitel_______<\/h3>\n\n\n\n<p>Magnus rannte dem Dieb hinterher. Aber der Verd\u00e4chtige war viel zu schnell f\u00fcr Magnus. Magnus musste anhalten, im selben Moment schrie eine junge Dame auf. Der Dieb hatte die Kette der jungen Dame geklaut. Er rannte zum Ausgang. Magnus rannte hinterher. Der Dieb war schon beim Parkplatz angekommen. Magnus war jetzt auch beim Parkplatz angekommen. Der Dieb rannte mit der Kette zu einem Auto er dr\u00fcckte den Autoschl\u00fcssel, das Auto klickte und der Dieb sprang ins Auto. Magnus sperrte sein Auto ebenfalls auf und sprang herein. Der Dieb d\u00fcste los und Magnus ebenfalls. Der Dieb hatte Magnus abgeh\u00e4ngt Magnus fuhr mit seinem kleinen Auto nach Hause. Als Magnus zuhause war, war es bereits dunkel. Er dachte noch mal \u00fcber alles nach. Dann ging er ins Bett. Doch in der Nacht h\u00f6rte er komische Ger\u00e4usche. Magnus guckte lieber mal nach. Als er durch das Fenster von der K\u00fcchent\u00fcr schaute traute er seinen Augen kaum: die Person suchte in seiner K\u00fcche irgendetwas. Da sagte der Dieb : &#8222;Aha! Da ist ja die Karte&#8220;. Der Dieb hatte die Zoojahreskarte in der Hand. Magnus sprang hinter der K\u00fcchent\u00fcr hervor.<\/p>\n\n\n\n<h3>3. Kapitel<\/h3>\n\n\n\n<p>Der T\u00e4ter kriegte einen riesigen Schreck. Der Dieb rauchte tats\u00e4chlich eine Zigarre. Der Dieb versuchte weg zu rennen doch Magnus st\u00fcrzte sich auf den Dieb. Der Dieb hatte keine Chance. Ein wenig sp\u00e4ter kam die Polizei. Der Dieb hie\u00df Martin Ralf. Er gab zu, dass er der jungen Dame die Kette gestohlen hat und die St\u00fctzbalken abges\u00e4gt hat. Magnus freute sich schon auf den n\u00e4chsten Besuch im Zoo.<\/p>\n\n\n\n<p>ENDE<\/p>\n\n\n\n<p>Einsendung an die W\u00f6rterwerkstatt, Anton<\/p>\n","protected":false},"excerpt":{"rendered":"<p>1. Kapitel Magnus fuhr wie jeden Samstag in den Zoo: Er fuhr wie gew\u00f6hnlich mit seinem kleinen Auto dorthin. Er parkte sein kleines Auto auf den Parkplatz und machte es aus. Dann ging er zur Kasse und bezahlte. Danach ging er zu den Affen und f\u00fctterte sie mit Bananen. Jetzt ging zu den Elefanten und &hellip;<\/p>\n","protected":false},"author":4,"featured_media":0,"parent":33,"menu_order":0,"comment_status":"closed","ping_status":"closed","template":"","meta":{"advgb_blocks_editor_width":"","advgb_blocks_columns_visual_guide":""},"coauthors":[],"author_meta":{"author_link":"https:\/\/www.woerterwerkstatt.com\/?author=4","display_name":"Isabel"},"relative_dates":{"created":"Posted 5\u00a0Jahren ago","modified":"Updated 5\u00a0Jahren ago"},"absolute_dates":{"created":"Posted on 27. April 2021","modified":"Updated on 30. April 2021"},"absolute_dates_time":{"created":"Posted on 27. April 2021 11:49","modified":"Updated on 30. April 2021 11:32"},"featured_img_caption":"","_links":{"self":[{"href":"https:\/\/www.woerterwerkstatt.com\/index.php?rest_route=\/wp\/v2\/pages\/1267"}],"collection":[{"href":"https:\/\/www.woerterwerkstatt.com\/index.php?rest_route=\/wp\/v2\/pages"}],"about":[{"href":"https:\/\/www.woerterwerkstatt.com\/index.php?rest_route=\/wp\/v2\/types\/page"}],"author":[{"embeddable":true,"href":"https:\/\/www.woerterwerkstatt.com\/index.php?rest_route=\/wp\/v2\/users\/4"}],"replies":[{"embeddable":true,"href":"https:\/\/www.woerterwerkstatt.com\/index.php?rest_route=%2Fwp%2Fv2%2Fcomments&post=1267"}],"version-history":[{"count":1,"href":"https:\/\/www.woerterwerkstatt.com\/index.php?rest_route=\/wp\/v2\/pages\/1267\/revisions"}],"predecessor-version":[{"id":1269,"href":"https:\/\/www.woerterwerkstatt.com\/index.php?rest_route=\/wp\/v2\/pages\/1267\/revisions\/1269"}],"up":[{"embeddable":true,"href":"https:\/\/www.woerterwerkstatt.com\/index.php?rest_route=\/wp\/v2\/pages\/33"}],"wp:attachment":[{"href":"https:\/\/www.woerterwerkstatt.com\/index.php?rest_route=%2Fwp%2Fv2%2Fmedia&parent=1267"}],"curies":[{"name":"wp","href":"https:\/\/api.w.org\/{rel}","templated":true}]}}