{"id":428,"date":"2020-12-09T14:05:09","date_gmt":"2020-12-09T13:05:09","guid":{"rendered":"https:\/\/www.woerterwerkstatt.com\/?page_id=428"},"modified":"2021-04-30T11:33:36","modified_gmt":"2021-04-30T09:33:36","slug":"der-boese-komet-und-die-dinos","status":"publish","type":"page","link":"https:\/\/www.woerterwerkstatt.com\/?page_id=428","title":{"rendered":"Der b\u00f6se Komet und die Dinos"},"content":{"rendered":"\n<p>Es war einmal vor langer Zeit. Ein gro\u00dfer Komet! Er sauste durch<br>das Weltall. Und traf dann die Erde! Die Dinosaurier erschraken.<br>Aber dann kam Super-Dino und hustete den Kometen an.<br>Anschlie\u00dfend verschwand er. Leider starb Super-Dino wegen Corona.<br>Der Komet kehrte zur\u00fcck und die Dinosaurier starben aus.<\/p>\n\n\n\n<p>Ende<\/p>\n\n\n\n<p>Die Mini-M\u00fcnchner Stadtschreiber*innen 2020, Leonard, Lev und Patrick<\/p>\n\n\n\n<p>Verwendet f\u00fcr folgendes Produkt des &nbsp;w&nbsp;\u00f6&nbsp;r&nbsp;t&nbsp;e&nbsp;r&nbsp;k&nbsp;i&nbsp;o&nbsp;s&nbsp;k: <a href=\"https:\/\/www.woerterwerkstatt.com\/?page_id=378\/#windlicht\">windlicht<\/a><\/p>\n","protected":false},"excerpt":{"rendered":"<p>Es war einmal vor langer Zeit. Ein gro\u00dfer Komet! Er sauste durchdas Weltall. Und traf dann die Erde! Die Dinosaurier erschraken.Aber dann kam Super-Dino und hustete den Kometen an.Anschlie\u00dfend verschwand er. Leider starb Super-Dino wegen Corona.Der Komet kehrte zur\u00fcck und die Dinosaurier starben aus. Ende Die Mini-M\u00fcnchner Stadtschreiber*innen 2020, Leonard, Lev und Patrick Verwendet f\u00fcr &hellip;<\/p>\n","protected":false},"author":5,"featured_media":0,"parent":33,"menu_order":0,"comment_status":"closed","ping_status":"closed","template":"","meta":{"advgb_blocks_editor_width":"","advgb_blocks_columns_visual_guide":""},"coauthors":[],"author_meta":{"author_link":"https:\/\/www.woerterwerkstatt.com\/?author=5","display_name":"Nina"},"relative_dates":{"created":"Posted 5\u00a0Jahren ago","modified":"Updated 5\u00a0Jahren ago"},"absolute_dates":{"created":"Posted on 9. Dezember 2020","modified":"Updated on 30. April 2021"},"absolute_dates_time":{"created":"Posted on 9. Dezember 2020 14:05","modified":"Updated on 30. April 2021 11:33"},"featured_img_caption":"","_links":{"self":[{"href":"https:\/\/www.woerterwerkstatt.com\/index.php?rest_route=\/wp\/v2\/pages\/428"}],"collection":[{"href":"https:\/\/www.woerterwerkstatt.com\/index.php?rest_route=\/wp\/v2\/pages"}],"about":[{"href":"https:\/\/www.woerterwerkstatt.com\/index.php?rest_route=\/wp\/v2\/types\/page"}],"author":[{"embeddable":true,"href":"https:\/\/www.woerterwerkstatt.com\/index.php?rest_route=\/wp\/v2\/users\/5"}],"replies":[{"embeddable":true,"href":"https:\/\/www.woerterwerkstatt.com\/index.php?rest_route=%2Fwp%2Fv2%2Fcomments&post=428"}],"version-history":[{"count":6,"href":"https:\/\/www.woerterwerkstatt.com\/index.php?rest_route=\/wp\/v2\/pages\/428\/revisions"}],"predecessor-version":[{"id":997,"href":"https:\/\/www.woerterwerkstatt.com\/index.php?rest_route=\/wp\/v2\/pages\/428\/revisions\/997"}],"up":[{"embeddable":true,"href":"https:\/\/www.woerterwerkstatt.com\/index.php?rest_route=\/wp\/v2\/pages\/33"}],"wp:attachment":[{"href":"https:\/\/www.woerterwerkstatt.com\/index.php?rest_route=%2Fwp%2Fv2%2Fmedia&parent=428"}],"curies":[{"name":"wp","href":"https:\/\/api.w.org\/{rel}","templated":true}]}}

Der böse Komet und die Dinos

<p>Es war einmal vor langer Zeit. Ein großer Komet! Er sauste durch<br>das Weltall. Und traf dann die Erde! Die Dinosaurier erschraken.<br>Aber dann kam Super-Dino und hustete den Kometen an.<br>Anschließend verschwand er. Leider starb Super-Dino wegen Corona.<br>Der Komet kehrte zurück und die Dinosaurier starben aus.</p>



<p>Ende</p>



<p>Die Mini-Münchner Stadtschreiber*innen 2020, Leonard, Lev und Patrick</p>



<p>Verwendet für folgendes Produkt des &nbsp;w&nbsp;ö&nbsp;r&nbsp;t&nbsp;e&nbsp;r&nbsp;k&nbsp;i&nbsp;o&nbsp;s&nbsp;k: <a href="https://www.woerterwerkstatt.com/?page_id=378/#windlicht">windlicht</a></p>

<p>Es war einmal vor langer Zeit. Ein großer Komet! Er sauste durchdas Weltall. Und traf dann die Erde! Die Dinosaurier erschraken.Aber dann kam Super-Dino und hustete den Kometen an.Anschließend verschwand er. Leider starb Super-Dino wegen Corona.Der Komet kehrte zurück und die Dinosaurier starben aus. Ende Die Mini-Münchner Stadtschreiber*innen 2020, Leonard, Lev und Patrick Verwendet für &hellip;</p>
