{"id":539,"date":"2021-01-04T13:06:18","date_gmt":"2021-01-04T12:06:18","guid":{"rendered":"https:\/\/www.woerterwerkstatt.com\/?page_id=539"},"modified":"2021-04-30T11:34:05","modified_gmt":"2021-04-30T09:34:05","slug":"der-letzte-sieg-fuer-ribbery","status":"publish","type":"page","link":"https:\/\/www.woerterwerkstatt.com\/?page_id=539","title":{"rendered":"Der letzte Sieg f\u00fcr Ribbery"},"content":{"rendered":"\n<p>Paul und Lea sind heute in der Allianz Arena. Sie wollen das Spiel <br>sehen, das an diesem Abend passiert und die verschiedenen <br>Spieler interviewen und am n\u00e4chsten Tag schreiben sie gleich ein-<br>en Artikel \u00fcber das Spiel und wie es ihnen gefallen hat und mit <br>allen Statistiken. FC Bayern gewinnt 2:0 gegen Dortmund, aber <br>mehrere Spieler verletzen sich, weil Dortmund sehr schlecht und <br>sehr aggressiv spielt. Ein knallhartes Spiel. Dieses Sommer will <br>FC Bayern San\u00e9 kaufen. Und Ribbery, Robben und Rafinha gehen <br>weg. Der Pr\u00e4sident von Dortmund verletzt sich vor lauter Wut, ver-<br>loren zu haben, auf der Trib\u00fchne. Die FC Bayern jedoch feiern ihren <br>Sieg auf dem Spielfeld und haben zum 29. Mal die Deutsche Meister-<br>schaft gewonnen. Paul und Lea gehen nach dem Spiel zu Neuer in <br>die Kabine, um ihm zu gratulieren und ihn zu interviewen. <br>Sie fragen ihn: &#8222;Du warst immer verletzt. Du hast aber trotzdem wei-<br>ter gespielt. War es schwierig, weiter zu spielen oder wurde der <br>Schmerz von dem Gedanken zu gewinnen genommen? Neuer: &#8222;Das <br>war ein gro\u00dfer Kampf gegen den Schmerz. Aber f\u00fcr den Sieg mache <br>ich alles.&#8220; Sie fragen Ribbery: &#8222;Das ist deine letzte Troph\u00e4e mit <br>FC Bayern. Bist du sehr traurig, dass du gehen musst?&#8220; Ribbery <br>sagt: &#8222;Ja, das ist superbl\u00f6d, aber so ist es nun mal. Ich war 16 Jahre <br>beim FC Bayern und hab fast nur sch\u00f6ne Erinnerungen und trotz-<br>dem schweren Herzens allen &#8222;Tsch\u00fcss&#8220;.&#8220; Paul und Lea danken f\u00fcr <br>das Interview und gehen nach Hause, um den Artikel f\u00fcr KIKS <br>weiter zu schreiben.<\/p>\n\n\n\n<p>Mobiles Schreibquartier 2019, Paul und Lea<\/p>\n\n\n\n<p>Verwendet f\u00fcr folgendes Produkt des \u00a0w\u00a0\u00f6\u00a0r\u00a0t\u00a0e\u00a0r\u00a0k\u00a0i\u00a0o\u00a0s\u00a0k: <a href=\"https:\/\/www.woerterwerkstatt.com\/?page_id=378\/#textrollen\">textrollen<\/a><\/p>\n","protected":false},"excerpt":{"rendered":"<p>Paul und Lea sind heute in der Allianz Arena. Sie wollen das Spiel sehen, das an diesem Abend passiert und die verschiedenen Spieler interviewen und am n\u00e4chsten Tag schreiben sie gleich ein-en Artikel \u00fcber das Spiel und wie es ihnen gefallen hat und mit allen Statistiken. FC Bayern gewinnt 2:0 gegen Dortmund, aber mehrere Spieler &hellip;<\/p>\n","protected":false},"author":5,"featured_media":0,"parent":33,"menu_order":0,"comment_status":"closed","ping_status":"closed","template":"","meta":{"advgb_blocks_editor_width":"","advgb_blocks_columns_visual_guide":""},"coauthors":[],"author_meta":{"author_link":"https:\/\/www.woerterwerkstatt.com\/?author=5","display_name":"Nina"},"relative_dates":{"created":"Posted 5\u00a0Jahren ago","modified":"Updated 5\u00a0Jahren ago"},"absolute_dates":{"created":"Posted on 4. Januar 2021","modified":"Updated on 30. April 2021"},"absolute_dates_time":{"created":"Posted on 4. Januar 2021 13:06","modified":"Updated on 30. April 2021 11:34"},"featured_img_caption":"","_links":{"self":[{"href":"https:\/\/www.woerterwerkstatt.com\/index.php?rest_route=\/wp\/v2\/pages\/539"}],"collection":[{"href":"https:\/\/www.woerterwerkstatt.com\/index.php?rest_route=\/wp\/v2\/pages"}],"about":[{"href":"https:\/\/www.woerterwerkstatt.com\/index.php?rest_route=\/wp\/v2\/types\/page"}],"author":[{"embeddable":true,"href":"https:\/\/www.woerterwerkstatt.com\/index.php?rest_route=\/wp\/v2\/users\/5"}],"replies":[{"embeddable":true,"href":"https:\/\/www.woerterwerkstatt.com\/index.php?rest_route=%2Fwp%2Fv2%2Fcomments&post=539"}],"version-history":[{"count":4,"href":"https:\/\/www.woerterwerkstatt.com\/index.php?rest_route=\/wp\/v2\/pages\/539\/revisions"}],"predecessor-version":[{"id":1000,"href":"https:\/\/www.woerterwerkstatt.com\/index.php?rest_route=\/wp\/v2\/pages\/539\/revisions\/1000"}],"up":[{"embeddable":true,"href":"https:\/\/www.woerterwerkstatt.com\/index.php?rest_route=\/wp\/v2\/pages\/33"}],"wp:attachment":[{"href":"https:\/\/www.woerterwerkstatt.com\/index.php?rest_route=%2Fwp%2Fv2%2Fmedia&parent=539"}],"curies":[{"name":"wp","href":"https:\/\/api.w.org\/{rel}","templated":true}]}}