{"id":546,"date":"2021-01-04T13:23:04","date_gmt":"2021-01-04T12:23:04","guid":{"rendered":"https:\/\/www.woerterwerkstatt.com\/?page_id=546"},"modified":"2021-04-30T11:33:00","modified_gmt":"2021-04-30T09:33:00","slug":"aljunuschka-und-seine-drei-schwestern","status":"publish","type":"page","link":"https:\/\/www.woerterwerkstatt.com\/?page_id=546","title":{"rendered":"Aljunuschka und seine drei Schwestern"},"content":{"rendered":"\n<p>Vor langer Zeit lebten einmal eine K\u00f6nigin und ein K\u00f6nig. <br>Eines Tages bekamen sie drei wundersch\u00f6ne T\u00f6chter. Doch kurz <br>nachdem die T\u00f6chter f\u00fcnfzehn geworden waren. Wurden sie von <br>einem Zauberer entf\u00fchrt und verwandelt.<br>Nach langer Zeit bekam die K\u00f6nigin einen Sohn namens Aljunuschka. <br>Der fragte sie warum er keine Geschwister hatte. Nun musste die K\u00f6ni-<br>gin ihm alles erz\u00e4hlen. Aljunuschka sagte: &#8222;weine nicht Mutter, ich will <br>meine Schwestern suchen.&#8220; Also brach er auf seine Schwestern zu such-<br>en. Nach vielen Tagen erreichte er ein Gasthaus. Dort sah er ein hinken-<br>des Pferd vor der T\u00fcr. Er beschloss es mitzunehmen. Als er es geheilt <br>hatte lief es mit ihm. Nach 3 Tagen kam er in eine W\u00fcste wo er einen ver<br>letzten L\u00f6wen und einen Salamanda fand. Doch auch sie blieben bei ihm. <br>Als er ein Jahr nach seinen Schwestern gesucht hatte kehrte er heim zu <br>seiner Mutter. Als er vor dem Schlosstor stand verabschiedete er sich mit <br>einem Kuss von den Tieren. Pl\u00f6tzlich verwandelten sich die Tiere in <br>seine Schwestern. <br>Er lief freudig ins Schloss und stellte seiner Mutter ihre T\u00f6chter vor. <br>Die eine war mutig wie ein L\u00f6we, die zweite sch\u00f6n wie ein Salamander <br>und die dritte so stark wie ein Pferd.<\/p>\n\n\n\n<p>Mobiles Schreibquartier 2019, Anuuk<\/p>\n\n\n\n<p>Verwendet f\u00fcr folgendes Produkt des \u00a0w\u00a0\u00f6\u00a0r\u00a0t\u00a0e\u00a0r\u00a0k\u00a0i\u00a0o\u00a0s\u00a0k: <a href=\"https:\/\/www.woerterwerkstatt.com\/?page_id=378\/#textrollen\">textrollen<\/a><br>Du willst dir diesen Text lieber anh\u00f6ren? Das  geht <a href=\"https:\/\/www.woerterwerkstatt.com\/?page_id=370\" data-type=\"page\" data-id=\"370\">hier<\/a>.<\/p>\n","protected":false},"excerpt":{"rendered":"<p>Vor langer Zeit lebten einmal eine K\u00f6nigin und ein K\u00f6nig. Eines Tages bekamen sie drei wundersch\u00f6ne T\u00f6chter. Doch kurz nachdem die T\u00f6chter f\u00fcnfzehn geworden waren. Wurden sie von einem Zauberer entf\u00fchrt und verwandelt.Nach langer Zeit bekam die K\u00f6nigin einen Sohn namens Aljunuschka. Der fragte sie warum er keine Geschwister hatte. Nun musste die K\u00f6ni-gin ihm &hellip;<\/p>\n","protected":false},"author":5,"featured_media":0,"parent":33,"menu_order":0,"comment_status":"closed","ping_status":"closed","template":"","meta":{"advgb_blocks_editor_width":"","advgb_blocks_columns_visual_guide":""},"coauthors":[],"author_meta":{"author_link":"https:\/\/www.woerterwerkstatt.com\/?author=5","display_name":"Nina"},"relative_dates":{"created":"Posted 5\u00a0Jahren ago","modified":"Updated 5\u00a0Jahren ago"},"absolute_dates":{"created":"Posted on 4. Januar 2021","modified":"Updated on 30. April 2021"},"absolute_dates_time":{"created":"Posted on 4. Januar 2021 13:23","modified":"Updated on 30. April 2021 11:33"},"featured_img_caption":"","_links":{"self":[{"href":"https:\/\/www.woerterwerkstatt.com\/index.php?rest_route=\/wp\/v2\/pages\/546"}],"collection":[{"href":"https:\/\/www.woerterwerkstatt.com\/index.php?rest_route=\/wp\/v2\/pages"}],"about":[{"href":"https:\/\/www.woerterwerkstatt.com\/index.php?rest_route=\/wp\/v2\/types\/page"}],"author":[{"embeddable":true,"href":"https:\/\/www.woerterwerkstatt.com\/index.php?rest_route=\/wp\/v2\/users\/5"}],"replies":[{"embeddable":true,"href":"https:\/\/www.woerterwerkstatt.com\/index.php?rest_route=%2Fwp%2Fv2%2Fcomments&post=546"}],"version-history":[{"count":6,"href":"https:\/\/www.woerterwerkstatt.com\/index.php?rest_route=\/wp\/v2\/pages\/546\/revisions"}],"predecessor-version":[{"id":1206,"href":"https:\/\/www.woerterwerkstatt.com\/index.php?rest_route=\/wp\/v2\/pages\/546\/revisions\/1206"}],"up":[{"embeddable":true,"href":"https:\/\/www.woerterwerkstatt.com\/index.php?rest_route=\/wp\/v2\/pages\/33"}],"wp:attachment":[{"href":"https:\/\/www.woerterwerkstatt.com\/index.php?rest_route=%2Fwp%2Fv2%2Fmedia&parent=546"}],"curies":[{"name":"wp","href":"https:\/\/api.w.org\/{rel}","templated":true}]}}